Is 985 prime?
False
Is 3828829 a prime number?
False
Is 184019 prime?
False
Is 769 prime?
True
Is 57595 composite?
True
Is 271429 a composite number?
False
Is 136637 a prime number?
False
Is 1169 prime?
False
Is 63223 a prime number?
False
Is 5981 a composite number?
False
Is 881311 a prime number?
True
Is 373337 a composite number?
True
Is 50497 composite?
False
Is 13069 composite?
True
Is 13643 a composite number?
True
Is 2893 a prime number?
False
Is 724027 composite?
True
Is 89729 a prime number?
False
Is 1559 composite?
False
Is 513973 composite?
True
Is 337061 composite?
True
Is 37871 composite?
False
Is 71789 a prime number?
True
Is 7919 a composite number?
False
Is 1824569 composite?
True
Is 36101 a prime number?
False
Is 47237 prime?
True
Is 41918 composite?
True
Is 740317 prime?
False
Is 160361 a prime number?
False
Is 15713 prime?
False
Is 20977 composite?
True
Is 881731 prime?
False
Is 587 composite?
False
Is 58471 a prime number?
False
Is 26669 a composite number?
False
Is 3943 composite?
False
Is 98221 a composite number?
False
Is 52691 prime?
True
Is 39439 a prime number?
True
Is 34789 a composite number?
True
Is 2846 prime?
False
Is 2289571 a prime number?
True
Is 430351 prime?
False
Is 17807 a prime number?
True
Is 109523 prime?
False
Is 462909 a prime number?
False
Is 14209 composite?
True
Is 15986 prime?
False
Is 25503 a composite number?
True
Is 117581 a prime number?
False
Is 11821 a prime number?
True
Is 9767 a composite number?
False
Is 627115 a prime number?
False
Is 6449 composite?
False
Is 11411 prime?
True
Is 35023 composite?
False
Is 733313 a prime number?
False
Is 57751 composite?
False
Is 7415 a composite number?
True
Is 667859 a prime number?
True
Is 2057261 a composite number?
True
Is 3763093 a composite number?
False
Is 52351 a composite number?
True
Is 2006387 a composite number?
False
Is 172001 a prime number?
True
Is 27299 a composite number?
False
Is 47578 composite?
True
Is 94319 prime?
False
Is 194461 prime?
False
Is 5306747 a composite number?
False
Is 46463 a composite number?
True
Is 760093 a prime number?
True
Is 1943 a composite number?
True
Is 6631 a composite number?
True
Is 719 a composite number?
False
Is 85411 composite?
False
Is 556315 a prime number?
False
Is 2579 a composite number?
False
Is 82117 a prime number?
False
Is 1428703 a prime number?
True
Is 3432931 prime?
True
Is 7949 a prime number?
True
Is 2897 prime?
True
Is 519427 composite?
False
Is 346 composite?
True
Is 31957 a prime number?
True
Is 157083 composite?
True
Is 7 a prime number?
True
Is 246139 composite?
True
Is 809337 prime?
False
Is 65761 composite?
False
Is 10301 a prime number?
True
Is 283381 composite?
True
Is 975797 a prime number?
True
Is 300217 a prime number?
False
Is 64535 prime?
False
Is 2531 composite?
False
Is 1797 a composite number?
True
Is 24439 a composite number?
False
Is 660653 a prime number?
False
Is 50117 a composite number?
True
Is 3989 a prime number?
True
Is 20093 a composite number?
True
Is 15391 composite?
False
Is 581 prime?
False
Is 14939 a composite number?
False
Is 1471699 a prime number?
False
Is 604493 a prime number?
False
Is 8267 prime?
False
Is 1642 a composite number?
True
Is 32437 a prime number?
False
Is 78695 composite?
True
Is 826531 a prime number?
False
Is 12055 prime?
False
Is 15109 composite?
True
Is 11149 prime?
True
Is 3613 composite?
False
Is 84557 composite?
True
Is 573277 a prime number?
True
Is 19111 prime?
False
Is 233 a composite number?
False
Is 31367 a prime number?
False
Is 51811 prime?
False
Is 8594579 a composite number?
True
Is 5627 a composite number?
True
Is 48595 a prime number?
False
Is 12811 composite?
True
Is 56617 a composite number?
True
Is 42203 prime?
False
Is 29717 composite?
False
Is 69593 composite?
False
Is 33122 a prime number?
False
Is 23399 composite?
False
Is 685 a composite number?
True
Is 25337 a composite number?
True
Is 64409 a composite number?
True
Is 58889 a composite number?
False
Is 87569 prime?
False
Is 11841 prime?
False
Is 11441 a prime number?
False
Is 11113 a composite number?
False
Is 10589 prime?
True
Is 17783 a prime number?
True
Is 3587 prime?
False
Is 4547 a composite number?
False
Is 6401 a prime number?
False
Is 1813017 a prime number?
False
Is 13229 a composite number?
False
Is 1139 a composite number?
True
Is 176338 a prime number?
False
Is 103531 a composite number?
True
Is 208741 prime?
False
Is 862 composite?
True
Is 3847 prime?
True
Is 174385 a composite number?
True
Is 89 prime?
True
Is 5623 composite?
False
Is 22478 a prime number?
False
Is 631 a prime number?
True
Is 5519 a composite number?
False
Is 50357 prime?
False
Is 32117 composite?
False
Is 338137 composite?
False
Is 821 composite?
False
Is 10793 a prime number?
False
Is 9529 a prime number?
False
Is 6742 prime?
False
Is 7419 composite?
True
Is 1328515 a composite number?
True
Is 27395 composite?
True
Is 737405 composite?
True
Is 816643 a composite number?
True
Is 34997 composite?
True
Is 171757 composite?
False
Is 242807 prime?
True
Is 3071 a composite number?
True
Is 463613 a composite number?
False
Is 60631 a prime number?
True
Is 146603 prime?
True
Is 2179 composite?
False
Is 111467 a composite number?
False
Is 502649 prime?
False
Is 196531 prime?
False
Is 3975353 a prime number?
True
Is 5609 prime?
False
Is 10327 composite?
True
Is 254083 composite?
False
Is 2153 a prime number?
True
Is 75431 prime?
True
Is 55613 prime?
False
Is 177839 a prime number?
True
Is 115519 composite?
True
Is 772053 a composite number?
True
Is 19957 a composite number?
True
Is 331517 prime?
False
Is 3407 a composite number?
False
Is 3523 a prime number?
False
Is 1239991 composite?
True
Is 25057 a prime number?
True
Is 20789 composite?
False
Is 1735483 prime?
False
Is 20507 prime?
True
Is 635 prime?
False
Is 2657 composite?
False
Is 17149 a prime number?
False
Is 46 composite?
True
Is 1381 a prime number?
True
Is 167626 composite?
True
Is 60747 composite?
True
Is 186449 composite?
True
Is 538619 a prime number?
False
Is 2999 prime?
True
Is 109153 composite?
True
Is 737 a composite number?
True
Is 114295 composite?
True
Is 1407095 a prime number?
False
Is 11499 prime?
False
Is 139813 prime?
True
Is 36469 prime?
True
Is 41113 composite?
False
Is 151519 composite?
True
Is 27011 a composite number?
False
Is 468883 a composite number?
False
Is 8279 composite?
True
Is 6629 composite?
True
Is 16319 composite?
False
Is 684397 composite?
True
Is 3279241 a composite number?
True
Is 96989 a composite number?
False
Is 156469 prime?
False
Is 13891 a prime number?
False
Is 209147 a prime number?
True
Is 1277843 prime?
False
Is 152673 composite?
True
Is 6733 a composite number?
False
Is 151273 a composite number?
False
Is 134909 a prime number?
True
Is 56011 a prime number?
False
Is 27479 composite?
False
Is 1044571 composite?
True
Is 1244567 prime?
True
Is 4919 composite?
False
Is 2521799 a prime number?
False
Is 403917 a prime number?
False
Is 181499 a composite number?
False
Is 979582 a prime number?
False
Is 25331 a composite number?
True
Is 1123 a prime number?
True
Is 1781 a composite number?
True
Is 1961 a prime number?
False
Is 102101 a prime number?
True
Is 5971 a prime number?
False
Is 1329205 a prime number?
False
Is 2939 a composite number?
False
Is 6899 a prime number?
True
Is 157091 prime?
False
Is 13123 a composite number?
True
Is 250361 composite?
False
Is 346078 a composite number?
True
Is 29919 a composite number?
True
Is 7447 composite?
True
Is 121687 prime?
True
Is 394 composite?
True
Is 2413 composite?
True
Is 731927 a composite number?
True
Is 56659 a prime number?
True
Is 51215 composite?
True
Is 7717 a composite number?
False
Is 16361 a composite number?
False
Is 554503 a composite number?
False
Is 3935 composite?
True
Is 12353 prime?
False
Is 182953 composite?
False
Is 23497 composite?
False
Is 29663 a composite number?
False
Is 150031 prime?
False
Is 723353 prime?
True
Is 4619 a composite number?
True
Is 42893 a prime number?
False
Is 967 composite?
False
Is 53693 composite?
False
Is 19567 a composite number?
True
Is 529097 a composite number?
False
Is 4689913 a composite number?
True
Is 8207 prime?
False
Is 2463 composite?
True
Is 627703 prime?
False
Is 375359 a compo